ose 0 = -h*m - m - 5*c + 555, -8 = 4*c. What is the hundreds digit of m?
1
Let f = 794 - -1120. What is the units digit of f?
4
Let d(c) = 2*c**2 - 7*c. Let r be d(5). Let q = -11 + r. What is the units digit of q?
4
Let a be 7 + 4 - ((2 - 0) + -2). What is the tens digit of (-2)/a - -333*(-6)/(-99)?
2
What is the tens digit of (48/(-28))/(1 - 247/245)?
1
Let q = -19 - -28. Let x(n) = -24*n - 5 + 22*n + 13 + 11 + 1. What is the units digit of x(q)?
2
Suppose o + 2*t = 259, -5*o - 4*t + 6*t = -1319. What is the tens digit of o?
6
Suppose 12 = -4*y + 9*y + m, -3*m = 4*y - 14. Suppose -3*d = 9, l + d = -y*d + 15. What is the units digit of l?
4
Suppose -570*x - 3630 = -576*x. What is the units digit of x?
5
Suppose -66*h = -67*h + 696. What is the units digit of h?
6
What is the units digit of (-1)/((-2)/776) + 6 + -4?
0
Suppose 6*h - 25 = 5. Let t be 10/4*72/4. Suppose d - v = t + 25, 5*d + h*v - 320 = 0. What is the tens digit of d?
6
What is the tens digit of (-512)/((-1)/(-2) + 2 - 3)?
2
Let v be ((-14)/(-21) - 707/3) + -2. Let p = -142 - v. What is the units digit of p?
5
Let t be ((-30)/9)/(25/(-30)). Suppose -3*b = -2*b - 5*v - 115, 394 = t*b + 2*v. What is the hundreds digit of b?
1
Let f(c) = 5*c**2 - 8*c + 5. Let p = 39 + -36. What is the tens digit of f(p)?
2
Let o(n) = n + 49. Let i be (6 + -6)*(-2)/(-2). Let d be o(i). Let x = -32 + d. What is the units digit of x?
7
Let l(z) = -z**3 - 13*z**2 + 15*z + 18. Let v be l(-14). What is the units digit of ((-636)/(-8))/(3/v)?
6
Let i(p) = -11*p**3 - 14*p**2 + 5. Let o(d) = 5*d**3 + 7*d**2 - 3. Let x(u) = -4*i(u) - 9*o(u). Let t be x(-5). Let b = t + 97. What is the tens digit of b?
5
Suppose 5*q = d - 4, 3*d + 3*q = -0 + 12. Suppose -55 = -d*m + 5*k, -3*m + 4*k - 80 = -6*m. What is the tens digit of m?
2
Suppose 5*g - 918 = 332. Let s = 369 - g. What is the units digit of s?
9
Let i(u) = -2*u**2 - 10*u - 4. Let b be i(-4). Suppose -2*r + 5*n + 359 = 0, 0*n - 736 = -4*r + b*n. What is the tens digit of r?
8
Let k(x) = x**3 + 7*x**2 + 7*x + 6. Let l be k(-6). Suppose 0 = 5*w + 5, -4*y - 2*w - 98 = l. What is the tens digit of 2/((y/(-124))/3)?
3
Suppose -11 = 5*m - 61. What is the units digit of 12/(-60) + 422/m?
2
Suppose g - 3*g + 4 = 0. Suppose 0 = 4*l - g*u + 222, 0 = -5*l + 2*u + 2*u - 279. Let b = 3 - l. What is the tens digit of b?
5
What is the units digit of ((-34)/4 + -2)*2296/(-21)?
8
Suppose 4*r - 3*y = 11, -5*r - 4*y = y - 40. Let s = -128 - -132. Suppose -r*g + 19 = -s*g. What is the tens digit of g?
1
What is the tens digit of (40/(-30))/(4/(-1506))?
0
Suppose -3*o - 2*q = 16 - 45, -34 = -3*o - q. Let j = 40 - o. What is the tens digit of j?
2
Let b(p) = 15*p**2 + 43*p - 5. Let n(t) = 7*t**2 + 21*t - 2. Let w(x) = 6*b(x) - 13*n(x). What is the units digit of w(-6)?
0
What is the tens digit of 8*(14 + 0/(5 - 3))?
1
Let j be (-112 - -1)*9/27. Let g = 100 + j. What is the units digit of g?
3
Suppose -i + 45 = 4*n, 5*n - 46 - 29 = 5*i. Suppose -3074 = -n*a - 710. What is the hundreds digit of a?
1
Suppose t + 4751 = 3*s, -10*t + 15*t - 7905 = -5*s. What is the tens digit of s?
8
Let j = 6 + 4. Let a = j + -10. Suppose a = 5*d - 6*d + 8. What is the units digit of d?
8
Suppose z + 2*n + 14 = -0*n, -2*z + 4*n + 12 = 0. Let a(t) = -2*t**3 + t**2 - 4*t - 2. What is the hundreds digit of a(z)?
1
Suppose -2*g = -2*f, 5*g + 5*f - 32 = 2*f. Suppose 4*h = 16, -774 = -w - g*w - h. What is the hundreds digit of w?
1
Let w be (-4)/((-5)/5) - 1. Suppose w*x - 79 = -i - 11, 3*x - 5*i - 56 = 0. What is the units digit of x?
2
Let o = 939 + -469. What is the tens digit of o?
7
Let m = -11 + 21. Let a = m - 6. Let g = a - -43. What is the units digit of g?
7
Let u = -681 + 1008. What is the units digit of u?
7
Let g be 39/(-26) + (-11)/(-2). Suppose 0 = -5*d - 2*u + 669, g*u + 836 = 5*d + 179. What is the hundreds digit of d?
1
Let v = 438 + 82. What is the units digit of v?
0
Let k = 32 - 49. Let q = k - -22. What is the units digit of q?
5
What is the units digit of (-4)/(-12) - 1240/(-6)?
7
Suppose 24265 = 12*b + 3337. What is the tens digit of b?
4
Let d = 0 + 2. Suppose 3*t - 35 = d*n, 2*n = -0*n - 5*t + 5. What is the tens digit of (-31 + -8)*n/6?
6
Let k(q) = 34*q**3 + 2*q**2 - 7*q + 12. What is the units digit of k(3)?
7
Suppose 876 = r - 3*h, r - h - 870 = -0*h. What is the hundreds digit of r?
8
Let j(y) = -y**3 - 24*y**2 - 60*y - 26. What is the units digit of j(-23)?
5
Suppose 1240 = 5*z - 2*h, -2*z - 4*h + 718 = 198. What is the hundreds digit of z?
2
Let v = 37 + -35. Let b = 39 + v. What is the tens digit of b?
4
Suppose 61*t - 12054 = 55*t. What is the hundreds digit of t?
0
Let d = -318 - -883. Suppose 5*w = 10*w - d. What is the units digit of w?
3
Suppose -6*d = -4*d + 10. What is the tens digit of (-1140)/(-75) - (-1)/d?
1
Suppose 4*i = -3*l - 1877, -4*i + 863 = -5*l - 2276. Let k = -440 - l. What is the hundreds digit of k?
1
Suppose 6017 = -4*g + 15489. What is the hundreds digit of g?
3
Let c(f) = 6*f**2 + 31*f + 8. Let a(l) = -3*l**2 - 15*l - 4. Let d(b) = -7*a(b) - 3*c(b). Let t be d(-8). Suppose -3*y - 34 = -t. What is the tens digit of y?
2
Let v(f) = -3*f + 2. Let g(q) = q**3 + 14*q**2 + 14*q + 15. Let c be g(-13). Let n be v(c). Let w(o) = -9*o - 6. What is the tens digit of w(n)?
3
Let w(y) = 38*y**2 - 3*y - 2. Let q be w(3). Let d = 482 - q. Let o = d - 108. What is the tens digit of o?
4
Let j be ((-44)/77)/((-2)/(-14)*-1). Suppose -256 = -j*d + 128. What is the tens digit of d?
9
Let v = 57 + -52. Suppose 3*z - 451 = -5*g, v*z + 4*g + g - 765 = 0. What is the units digit of z?
7
Suppose -34*f - 11*f = -24345. What is the tens digit of f?
4
Let u be 12*(3/9)/1. Suppose 884 = u*g - 4*h, 5*g - 1095 = 2*h - 7*h. Suppose -4*x + 9*x = g. What is the tens digit of x?
4
Let d be 124/9 - 14/(-63). Suppose 13*f = d*f - 122. What is the units digit of f?
2
Let v be (-2)/(2*3/(-48)). Suppose 5*r - 28 = -2*x, -r + 2*x - v = -3*x. Suppose -p - 3*f + 66 = -6, 0 = -2*f + r. What is the tens digit of p?
6
Suppose -6*v + 6032 = 3*a - 11209, 5*a = 3*v - 8653. What is the tens digit of v?
7
Suppose -p + 233 = r, 0 = -6*r + 4*r + 3*p + 441. What is the units digit of r?
8
Let z = 210 - 128. Suppose 3*u + 2*w + 109 = 21, w = 3*u + z. Let s = -14 - u. What is the units digit of s?
4
Let v be (-2)/(1*5/(-10)). Suppose 39 + 5 = v*x. What is the tens digit of x?
1
Suppose 39*q + 0*q = 78. What is the units digit of q?
2
Let p be (788/(-10) - 12/60) + 0. What is the units digit of -3 + 4/((-4)/p)?
6
Let n(x) = 6*x - 249. Let q(h) = -2*h + 83. Let g(a) = -4*n(a) - 11*q(a). What is the units digit of g(0)?
3
Let c be (-1 - -1) + (9 - 1). Suppose -o = -16 + c. What is the tens digit of 41 - o*(-1)/2?
4
Let k = 2468 - -2184. What is the tens digit of k?
5
Let u(o) = -20*o**2 + 1244. What is the tens digit of u(0)?
4
Let l(q) = q**2 - 12*q - 27. Let k be l(13). Let i = k + 22. What is the units digit of i?
8
Suppose -a + 12528 - 33537 = -4*x, -2*x + 10515 = 3*a. What is the thousands digit of x?
5
What is the hundreds digit of 3/((-3)/(-724)) - -8?
7
Let i(v) = -v**3 - 9*v**2. Let x be i(-9). Suppose -4*a + x*a - t = -199, 2 = -2*t. Let o = a + -30. What is the units digit of o?
0
What is the units digit of (61149/22 - (-6)/4) + 7?
8
Let l = -686 - -991. What is the tens digit of l?
0
Let z(b) = -15*b**2 + 5*b - 7. Let h be z(3). Let c = h + 90. Let y = 3 - c. What is the units digit of y?
0
Let b(a) = a**3 + 18*a**2 - a - 11. Let p be b(-17). Suppose -7*z = -p - 34. What is the tens digit of z?
4
Let y(r) = -3*r**2 + 114*r - 63. What is the tens digit of y(33)?
3
Suppose -249 = -v + 2*i, -i = v - 0*i - 252. Let x = v - 106. What is the tens digit of x?
4
Let f be (-6)/(-4)*(-44)/33. Let i = f - -22. What is the units digit of -2 + i/5 - -20?
2
Let n(k) = -2787*k - 8. What is the thousands digit of n(-1)?
2
Let r(p) = 3065*p**2 - 2*p - 2. What is the thousands digit of r(1)?
3
Let x = -143 + 209. Suppose -10 = 4*c + c, 3*c = -s + x. What is the tens digit of s?
7
Let m(r) = -r**2 - 37*r + 191. What is the hundreds digit of m(-32)?
3
Let l(z) = z + 2. Let j be l(-1). Suppose 0 = -x + j, 3*r - 27 = -0*r + 3*x. Suppose 0 = -4*p + r + 78. What is the tens digit of p?
2
Let x(f) = -13*f - 3. Let 